{"id":632,"date":"2021-06-06T20:39:55","date_gmt":"2021-06-06T18:39:55","guid":{"rendered":"https:\/\/byviannie.com\/?post_type=product&#038;p=632"},"modified":"2023-02-19T11:28:24","modified_gmt":"2023-02-19T10:28:24","slug":"collier-soveig","status":"publish","type":"product","link":"https:\/\/byviannie.com\/?product=collier-soveig","title":{"rendered":"Collier Soveig &#8211; bijou &#8211; cr\u00e9ation artisanale"},"content":{"rendered":"<p>\u25b6 Livraison: Votre bijou sign\u00e9 By Viannie vous sera livr\u00e9 dans un joli pochon. Votre commande sera ensuite remise \u00e0 la Poste dans une enveloppe \u00e0 bulle et en courrier avec suivi afin d\u2019\u00e9viter toute mauvaise surprise !<\/p>\n<p>\u25b6 Conseils d&rsquo;entretien: Afin de profiter de votre bijou le plus longtemps possible, je vous conseille d&rsquo;\u00e9viter de le mettre au contact de l&rsquo;eau, des parfums et autres cr\u00e8mes au risque de l&rsquo;ab\u00eemer. N&rsquo;h\u00e9sitez pas \u00e0 enlever votre bijou avant de vous laver les mains, de faire du sport ainsi que pour dormir. Vous pouvez \u00e9galement le conserver dans son pochon afin d&rsquo;\u00e9viter tout risque d&rsquo;oxydation.<\/p>\n","protected":false},"excerpt":{"rendered":"<p>Collier Solveig cr\u00e9ation artisanale:<br \/>\n<em><strong>Composition:<\/strong><\/em><br \/>\nChaine style vermeil en argent plaqu\u00e9 or 24K, 1 micron<br \/>\nPierre semi-pr\u00e9cieuse: Lapis Lazuli<br \/>\nTaille de la pierre :13mm*18mm<br \/>\nPerles d&rsquo;eau douce<br \/>\nGrade des perles : AAA<br \/>\nb\u00e9li\u00e8re en or rempli (gold filled) 14K<\/p>\n<p>\u25b6 Caract\u00e9ristiques: Longueur du collier : 50.8cm (non ajustable)<\/p>\n","protected":false},"featured_media":638,"comment_status":"open","ping_status":"closed","template":"","meta":{"_monsterinsights_skip_tracking":false,"_monsterinsights_sitenote_active":false,"_monsterinsights_sitenote_note":"","_monsterinsights_sitenote_category":0},"product_brand":[],"product_cat":[41],"product_tag":[],"class_list":{"0":"post-632","1":"product","2":"type-product","3":"status-publish","4":"has-post-thumbnail","6":"product_cat-bijoux-femme-colliers","8":"first","9":"outofstock","10":"shipping-taxable","11":"purchasable","12":"product-type-simple"},"aioseo_notices":[],"_links":{"self":[{"href":"https:\/\/byviannie.com\/index.php?rest_route=\/wp\/v2\/product\/632","targetHints":{"allow":["GET"]}}],"collection":[{"href":"https:\/\/byviannie.com\/index.php?rest_route=\/wp\/v2\/product"}],"about":[{"href":"https:\/\/byviannie.com\/index.php?rest_route=\/wp\/v2\/types\/product"}],"replies":[{"embeddable":true,"href":"https:\/\/byviannie.com\/index.php?rest_route=%2Fwp%2Fv2%2Fcomments&post=632"}],"wp:featuredmedia":[{"embeddable":true,"href":"https:\/\/byviannie.com\/index.php?rest_route=\/wp\/v2\/media\/638"}],"wp:attachment":[{"href":"https:\/\/byviannie.com\/index.php?rest_route=%2Fwp%2Fv2%2Fmedia&parent=632"}],"wp:term":[{"taxonomy":"product_brand","embeddable":true,"href":"https:\/\/byviannie.com\/index.php?rest_route=%2Fwp%2Fv2%2Fproduct_brand&post=632"},{"taxonomy":"product_cat","embeddable":true,"href":"https:\/\/byviannie.com\/index.php?rest_route=%2Fwp%2Fv2%2Fproduct_cat&post=632"},{"taxonomy":"product_tag","embeddable":true,"href":"https:\/\/byviannie.com\/index.php?rest_route=%2Fwp%2Fv2%2Fproduct_tag&post=632"}],"curies":[{"name":"wp","href":"https:\/\/api.w.org\/{rel}","templated":true}]}}