{"id":627,"date":"2021-06-06T20:14:55","date_gmt":"2021-06-06T18:14:55","guid":{"rendered":"https:\/\/byviannie.com\/?post_type=product&#038;p=627"},"modified":"2025-05-13T14:34:31","modified_gmt":"2025-05-13T12:34:31","slug":"collier-soizic","status":"publish","type":"product","link":"https:\/\/byviannie.com\/?product=collier-soizic","title":{"rendered":"Collier Soizic &#8211; bijou &#8211; cr\u00e9ation artisanale"},"content":{"rendered":"<p>\u25b6 Livraison: Votre bijou sign\u00e9 By Viannie vous sera livr\u00e9 dans un joli pochon. Votre commande sera ensuite remise \u00e0 la Poste dans une enveloppe \u00e0 bulle et en courrier avec suivi afin d\u2019\u00e9viter toute mauvaise surprise !<\/p>\n<p>\u25b6 Conseils d&rsquo;entretien: Afin de profiter de votre bijou le plus longtemps possible, je vous conseille d&rsquo;\u00e9viter de le mettre au contact de l&rsquo;eau, des parfums et autres cr\u00e8mes au risque de l&rsquo;ab\u00eemer. N&rsquo;h\u00e9sitez pas \u00e0 enlever votre bijou avant de vous laver les mains, de faire du sport ainsi que pour dormir. Vous pouvez \u00e9galement le conserver dans son pochon afin d&rsquo;\u00e9viter tout risque d&rsquo;oxydation.<\/p>\n<p>Toutes mes cr\u00e9ations sont faites de mani\u00e8re artisanale. Il est donc possible que de tous petits d\u00e9fauts esth\u00e9tiques soient visibles. Ceci \u00e9tant dit, je fais tout mon possible pour vous pr\u00e9senter des pi\u00e8ces de qualit\u00e9. Si vous souhaitez personnaliser une cr\u00e9ation en particulier, n\u2019h\u00e9sitez pas \u00e0 me contacter<\/p>\n","protected":false},"excerpt":{"rendered":"<p>Collier Soizic cr\u00e9ation artisanale:<br \/>\n<em><strong>Composition:<\/strong><\/em><br \/>\nChaine et fermoir \u00e0 ressort: Gold filled 14K sans nickel, sans plomb, sans cadmium<br \/>\nPendentif rectangulaire en laiton dor\u00e9 \u00e0 l\u2019or fin 24K<br \/>\nPerles d&rsquo;eau douce<br \/>\nTaille des perles: 5mm*5.5mm<br \/>\nGrades des perles : AAA<\/p>\n<p>\u25b6 Caract\u00e9ristiques: Longueur du collier : 45cm (non ajustable)<\/p>\n","protected":false},"featured_media":641,"comment_status":"open","ping_status":"closed","template":"","meta":{"_monsterinsights_skip_tracking":false,"_monsterinsights_sitenote_active":false,"_monsterinsights_sitenote_note":"","_monsterinsights_sitenote_category":0},"product_brand":[],"product_cat":[41],"product_tag":[],"class_list":{"0":"post-627","1":"product","2":"type-product","3":"status-publish","4":"has-post-thumbnail","6":"product_cat-bijoux-femme-colliers","8":"first","9":"onbackorder","10":"sold-individually","11":"shipping-taxable","12":"purchasable","13":"product-type-simple"},"aioseo_notices":[],"_links":{"self":[{"href":"https:\/\/byviannie.com\/index.php?rest_route=\/wp\/v2\/product\/627","targetHints":{"allow":["GET"]}}],"collection":[{"href":"https:\/\/byviannie.com\/index.php?rest_route=\/wp\/v2\/product"}],"about":[{"href":"https:\/\/byviannie.com\/index.php?rest_route=\/wp\/v2\/types\/product"}],"replies":[{"embeddable":true,"href":"https:\/\/byviannie.com\/index.php?rest_route=%2Fwp%2Fv2%2Fcomments&post=627"}],"wp:featuredmedia":[{"embeddable":true,"href":"https:\/\/byviannie.com\/index.php?rest_route=\/wp\/v2\/media\/641"}],"wp:attachment":[{"href":"https:\/\/byviannie.com\/index.php?rest_route=%2Fwp%2Fv2%2Fmedia&parent=627"}],"wp:term":[{"taxonomy":"product_brand","embeddable":true,"href":"https:\/\/byviannie.com\/index.php?rest_route=%2Fwp%2Fv2%2Fproduct_brand&post=627"},{"taxonomy":"product_cat","embeddable":true,"href":"https:\/\/byviannie.com\/index.php?rest_route=%2Fwp%2Fv2%2Fproduct_cat&post=627"},{"taxonomy":"product_tag","embeddable":true,"href":"https:\/\/byviannie.com\/index.php?rest_route=%2Fwp%2Fv2%2Fproduct_tag&post=627"}],"curies":[{"name":"wp","href":"https:\/\/api.w.org\/{rel}","templated":true}]}}