{"id":2465,"date":"2023-01-22T14:33:15","date_gmt":"2023-01-22T13:33:15","guid":{"rendered":"https:\/\/byviannie.com\/?post_type=product&#038;p=2465"},"modified":"2025-05-13T17:09:22","modified_gmt":"2025-05-13T15:09:22","slug":"boucles-doreilles-pierres-de-gemme-et-creoles","status":"publish","type":"product","link":"https:\/\/byviannie.com\/?product=boucles-doreilles-pierres-de-gemme-et-creoles","title":{"rendered":"Boucles d&rsquo;oreilles pierres de gemme et cr\u00e9oles"},"content":{"rendered":"<p>Boucles d&rsquo;oreilles tendance, versatiles avec pierres de gemme v\u00e9ritable et cr\u00e9oles en inoxydable dor\u00e9- BO versatiles 2 en 1. Ces boucles peuvent se transformer en simple cr\u00e9oles ou accompagn\u00e9es des pierres de votre choix.<\/p>\n<p>Composition:<br \/>\nmat\u00e9riau: cr\u00e9oles plaqu\u00e9 or 18k acier inoxydable 316L<\/p>\n<p>\u25b6Tous les bijoux r\u00e9pertori\u00e9s dans la boutique sont pr\u00eats \u00e0 \u00eatre exp\u00e9di\u00e9s. Afin d&rsquo;\u00e9viter tout probl\u00e8me d&rsquo;exp\u00e9dition \u00e0 l&rsquo;international, tous les envois se font avec un suivi<\/p>\n<p>\u25b6Ces cr\u00e9ations sont faites \u00e0 la main avec des mat\u00e9riaux de haute qualit\u00e9, pour s\u2019assurer qu&rsquo;elles durent le plus longtemps possible, je vous conseille d&rsquo;\u00e9viter de les mettre au contact de l\u2019eau, des parfums et autres cr\u00e8mes au risque de les ab\u00eemer. Vous pouvez \u00e9galement les conserver dans leurs pochons afin d\u2019\u00e9viter tout risque d\u2019oxydation<\/p>\n<p>\u25b6 Toutes mes cr\u00e9ations sont faites de mani\u00e8re artisanale par moi-m\u00eame . Il est donc possible que de tous petits d\u00e9fauts esth\u00e9tiques soient visibles. Ceci \u00e9tant dit, je fais tout mon possible pour vous pr\u00e9senter des pi\u00e8ces de qualit\u00e9. Si vous souhaitez personnaliser une cr\u00e9ation en particulier, n\u2019h\u00e9sitez pas \u00e0 me contacter.<\/p>\n<p>\u26a0\ufe0fVeuillez noter que les photos sont agrandies pour montrer la qualit\u00e9 et les d\u00e9tails, alors v\u00e9rifiez soigneusement la description et les dimensions avant de commander.<\/p>\n<p>\u26a0\ufe0fTaxes de douane et d&rsquo;import<br \/>\nLes \u00e9ventuelles taxes de douane et d&rsquo;importation sont \u00e0 la charge des acheteurs. Je ne suis pas responsable des d\u00e9lais caus\u00e9s par la douane.<\/p>\n<p>? D\u00c9LAI DE LIVRAISON<br \/>\nLa livraison prend 1 \u00e0 3 jours pour la Suisse, 5 \u00e0 10 jours pour l\u2019Europe, et 15 \u00e0 30 jours pour le reste du monde.<\/p>\n<p>? ID\u00c9E CADEAU<br \/>\nVous souhaitez offrir ? N&rsquo;h\u00e9sitez pas \u00e0 me le dire, je me ferai un plaisir d&rsquo;ajouter une petite carte<\/p>\n","protected":false},"excerpt":{"rendered":"<p>Boucles d&rsquo;oreilles tendance, versatiles avec pierres de gemme v\u00e9ritable et cr\u00e9oles en inoxydable dor\u00e9- BO versatiles 2 en 1. Ces boucles peuvent se transformer en simple cr\u00e9oles ou accompagn\u00e9es des pierres de votre choix.<\/p>\n<p>Composition:<br \/>\nmat\u00e9riau: cr\u00e9oles plaqu\u00e9 or 18k acier inoxydable 316L<br \/>\nPierre de gemmes v\u00e9ritable<br \/>\nTaille de la cr\u00e9ole :20mm*19mm<br \/>\nDiam\u00e8tre des perles: 18mm<br \/>\nTrou de la pierre: 5.5mm<br \/>\npoids de 2 pierres : 5grs<br \/>\npoids de la cr\u00e9ole: 11.9g sans la pierre et avec les pierres 17g<\/p>\n<p>Liste Des Pierres:<br \/>\nLapis lazuli :bleu<br \/>\nAgate noire: noire<br \/>\nJade malaisien: vert mate<br \/>\nAventure verte: vert clair<br \/>\nAm\u00e9thyste: violet<br \/>\nOpale: claire<br \/>\nJade jaune: jaune<br \/>\nLabradorite: gris<\/p>\n","protected":false},"featured_media":2480,"comment_status":"open","ping_status":"closed","template":"","meta":{"_monsterinsights_skip_tracking":false,"_monsterinsights_sitenote_active":false,"_monsterinsights_sitenote_note":"","_monsterinsights_sitenote_category":0},"product_brand":[],"product_cat":[44,47,46],"product_tag":[],"class_list":{"0":"post-2465","1":"product","2":"type-product","3":"status-publish","4":"has-post-thumbnail","6":"product_cat-bijoux-femmes-boucles-doreilles","7":"product_cat-bijoux-enfants","8":"product_cat-bijoux-femmes","10":"first","11":"onbackorder","12":"shipping-taxable","13":"purchasable","14":"product-type-variable"},"aioseo_notices":[],"_links":{"self":[{"href":"https:\/\/byviannie.com\/index.php?rest_route=\/wp\/v2\/product\/2465","targetHints":{"allow":["GET"]}}],"collection":[{"href":"https:\/\/byviannie.com\/index.php?rest_route=\/wp\/v2\/product"}],"about":[{"href":"https:\/\/byviannie.com\/index.php?rest_route=\/wp\/v2\/types\/product"}],"replies":[{"embeddable":true,"href":"https:\/\/byviannie.com\/index.php?rest_route=%2Fwp%2Fv2%2Fcomments&post=2465"}],"wp:featuredmedia":[{"embeddable":true,"href":"https:\/\/byviannie.com\/index.php?rest_route=\/wp\/v2\/media\/2480"}],"wp:attachment":[{"href":"https:\/\/byviannie.com\/index.php?rest_route=%2Fwp%2Fv2%2Fmedia&parent=2465"}],"wp:term":[{"taxonomy":"product_brand","embeddable":true,"href":"https:\/\/byviannie.com\/index.php?rest_route=%2Fwp%2Fv2%2Fproduct_brand&post=2465"},{"taxonomy":"product_cat","embeddable":true,"href":"https:\/\/byviannie.com\/index.php?rest_route=%2Fwp%2Fv2%2Fproduct_cat&post=2465"},{"taxonomy":"product_tag","embeddable":true,"href":"https:\/\/byviannie.com\/index.php?rest_route=%2Fwp%2Fv2%2Fproduct_tag&post=2465"}],"curies":[{"name":"wp","href":"https:\/\/api.w.org\/{rel}","templated":true}]}}