{"id":2311,"date":"2022-10-17T17:31:29","date_gmt":"2022-10-17T15:31:29","guid":{"rendered":"https:\/\/byviannie.com\/?post_type=product&#038;p=2311"},"modified":"2025-05-13T14:21:55","modified_gmt":"2025-05-13T12:21:55","slug":"collier-lena","status":"publish","type":"product","link":"https:\/\/byviannie.com\/?product=collier-lena","title":{"rendered":"Collier L\u00e9na cadeau id\u00e9al pour femmes"},"content":{"rendered":"<p>Collier L\u00e9na cr\u00e9ation artisanale:<\/p>\n<p>Collier ras du cou f\u00e9minin, \u00e9l\u00e9gant, discret et minimaliste id\u00e9ale pour un anniversaire, bapt\u00eame, mariage, etc.<\/p>\n<p>Composition:<\/p>\n<p>\u2665 chaine de petite maille de 1.3mm (en gold filled 14K)<br \/>\n\u2665 fermoirs anneaux \u00e0 ressort de 5 mm<br \/>\n\u2665 pendentif: croissant de lune avec une pierre de zircon incrust\u00e9 de 7mm de taille, la base quant \u00e0 elle est en laiton gold-filled 18K<\/p>\n<p>La longueur totale du collier :45cm<\/p>\n<p>\u2b50\ufe0f 10% de r\u00e9duction pour toutes commandes directement en message priv\u00e9 sur Instagram: @lesperlesdeviannie \u2b50\ufe0f 15% de r\u00e9duction pour toutes commandes pass\u00e9es sur notre site byviannie.com (contactez-moi afin d&rsquo;activer le code)<\/p>\n<p>Tous les bijoux r\u00e9pertori\u00e9s dans la boutique sont pr\u00eats \u00e0 \u00eatre exp\u00e9di\u00e9s. Votre commande vous sera envoy\u00e9e dans un joli pochon, puis dans une bo\u00eete, afin que cette derni\u00e8re ne s&rsquo;ab\u00eeme lors du transport. Afin d&rsquo;\u00e9viter tout probl\u00e8me d&rsquo;exp\u00e9dition \u00e0 l&rsquo;international, tous les envois se font avec un suivi<\/p>\n<p>Ce collier est fait \u00e0 la main avec des mat\u00e9riaux de haute qualit\u00e9, pour s\u2019assurer qu&rsquo;il dure le plus longtemps possible, je vous conseille d&rsquo;\u00e9viter de le mettre au contact de l\u2019eau, des parfums et autres cr\u00e8mes au risque de l&rsquo; ab\u00eemer. Vous pouvez \u00e9galement le conserver dans leur pochon afin d\u2019\u00e9viter tout risque d\u2019oxydation.<\/p>\n<p>Toutes mes cr\u00e9ations sont faites de mani\u00e8re artisanale par moi-m\u00eame . Il est donc possible que de tous petits d\u00e9fauts esth\u00e9tiques soient visibles. Ceci \u00e9tant dit, je fais tout mon possible pour vous pr\u00e9senter des pi\u00e8ces de qualit\u00e9. Si vous souhaitez personnaliser une cr\u00e9ation en particulier, n\u2019h\u00e9sitez pas \u00e0 me contacter.<\/p>\n<p>\u26a0\ufe0fVeuillez noter que certaines photos sont agrandies pour montrer la qualit\u00e9 et les d\u00e9tails, alors v\u00e9rifiez soigneusement la description et les dimensions avant de commander.<\/p>\n<p>? D\u00c9LAI DE LIVRAISON<br \/>\nLa livraison prend 1 \u00e0 3 jours pour la Suisse, 5 \u00e0 10 jours pour l\u2019Europe, et 15 \u00e0 30 jours pour le reste du monde.<\/p>\n<p>? ID\u00c9E CADEAU<br \/>\nVous souhaitez offrir ? N&rsquo;h\u00e9sitez pas \u00e0 me le dire, je me ferai un plaisir d&rsquo;ajouter une petite carte.<\/p>\n","protected":false},"excerpt":{"rendered":"<p>Collier L\u00e9na cr\u00e9ation artisanale:<\/p>\n<p>Composition:<\/p>\n<p>\u2665 chaine de petite maille de 1.3mm (en gold filled 14K)<br \/>\n\u2665 fermoirs anneaux \u00e0 ressort de 5 mm<br \/>\n\u2665 pendentif: croissant de lune avec une pierre de zircon incrust\u00e9 de 7mm de taille, la base quant \u00e0 elle est en laiton gold-filled 18K<\/p>\n<p>La longueur totale du collier :45cm<\/p>\n<p>&nbsp;<\/p>\n","protected":false},"featured_media":2312,"comment_status":"open","ping_status":"closed","template":"","meta":{"_monsterinsights_skip_tracking":false,"_monsterinsights_sitenote_active":false,"_monsterinsights_sitenote_note":"","_monsterinsights_sitenote_category":0},"product_brand":[],"product_cat":[41,46],"product_tag":[],"class_list":{"0":"post-2311","1":"product","2":"type-product","3":"status-publish","4":"has-post-thumbnail","6":"product_cat-bijoux-femme-colliers","7":"product_cat-bijoux-femmes","9":"first","10":"outofstock","11":"shipping-taxable","12":"purchasable","13":"product-type-simple"},"aioseo_notices":[],"_links":{"self":[{"href":"https:\/\/byviannie.com\/index.php?rest_route=\/wp\/v2\/product\/2311","targetHints":{"allow":["GET"]}}],"collection":[{"href":"https:\/\/byviannie.com\/index.php?rest_route=\/wp\/v2\/product"}],"about":[{"href":"https:\/\/byviannie.com\/index.php?rest_route=\/wp\/v2\/types\/product"}],"replies":[{"embeddable":true,"href":"https:\/\/byviannie.com\/index.php?rest_route=%2Fwp%2Fv2%2Fcomments&post=2311"}],"wp:featuredmedia":[{"embeddable":true,"href":"https:\/\/byviannie.com\/index.php?rest_route=\/wp\/v2\/media\/2312"}],"wp:attachment":[{"href":"https:\/\/byviannie.com\/index.php?rest_route=%2Fwp%2Fv2%2Fmedia&parent=2311"}],"wp:term":[{"taxonomy":"product_brand","embeddable":true,"href":"https:\/\/byviannie.com\/index.php?rest_route=%2Fwp%2Fv2%2Fproduct_brand&post=2311"},{"taxonomy":"product_cat","embeddable":true,"href":"https:\/\/byviannie.com\/index.php?rest_route=%2Fwp%2Fv2%2Fproduct_cat&post=2311"},{"taxonomy":"product_tag","embeddable":true,"href":"https:\/\/byviannie.com\/index.php?rest_route=%2Fwp%2Fv2%2Fproduct_tag&post=2311"}],"curies":[{"name":"wp","href":"https:\/\/api.w.org\/{rel}","templated":true}]}}