{"id":44,"date":"2021-01-31T11:47:38","date_gmt":"2021-01-31T10:47:38","guid":{"rendered":"https:\/\/preview.les-perles-de-viannie.com\/?page_id=44"},"modified":"2023-07-26T21:33:16","modified_gmt":"2023-07-26T19:33:16","slug":"a-propos-de-nous","status":"publish","type":"page","link":"https:\/\/byviannie.com\/?page_id=44","title":{"rendered":"A propos de moi"},"content":{"rendered":"\n<p><strong>byViannie<\/strong>&nbsp;est une marque de bijoux fantaisie, boho, chic et tendance pour le quotidien.<\/p>\n\n\n\n<p>Autodidacte, passionn\u00e9e par le concept \u201cfais le toi-m\u00eame\u201d DIY , c\u2019est d\u2019abord pour moi-m\u00eame et notamment pour ma fille que je  cr\u00e9e.<\/p>\n\n\n\n<p>Aux vues de nombreuses demandes des camarades de classe de ma fille, des parents d\u2019\u00e9l\u00e8ves et des connaissances proches, je me suis lanc\u00e9e dans la cr\u00e9ation de<strong>&nbsp;<\/strong>byViannie.<\/p>\n\n\n\n<p><strong>byViannie<\/strong>, c&rsquo;est d&rsquo;abord une cr\u00e9atrice, Viannie une vraie globetrotteuse un peu folle dingue, passionn\u00e9e par les voyages, la photographie, les bijoux. <\/p>\n\n\n\n<div class=\"wp-block-columns is-layout-flex wp-container-core-columns-is-layout-9d6595d7 wp-block-columns-is-layout-flex\">\n<div class=\"wp-block-column is-layout-flow wp-block-column-is-layout-flow\" style=\"flex-basis:100%\">\n<figure class=\"wp-block-gallery alignright has-nested-images columns-default is-cropped wp-block-gallery-1 is-layout-flex wp-block-gallery-is-layout-flex\">\n<figure class=\"wp-block-image size-large\"><img loading=\"lazy\" decoding=\"async\" width=\"865\" height=\"1024\" data-id=\"98\" src=\"https:\/\/byviannie.com\/wp-content\/uploads\/2021\/02\/IMG_20210201_100037-2-865x1024.jpg\" alt=\"\" class=\"wp-image-98\" srcset=\"https:\/\/byviannie.com\/wp-content\/uploads\/2021\/02\/IMG_20210201_100037-2-865x1024.jpg?v=1673090485 865w, https:\/\/byviannie.com\/wp-content\/uploads\/2021\/02\/IMG_20210201_100037-2-600x710.jpg?v=1673090485 600w, https:\/\/byviannie.com\/wp-content\/uploads\/2021\/02\/IMG_20210201_100037-2-254x300.jpg?v=1673090485 254w, https:\/\/byviannie.com\/wp-content\/uploads\/2021\/02\/IMG_20210201_100037-2-768x909.jpg?v=1673090485 768w, https:\/\/byviannie.com\/wp-content\/uploads\/2021\/02\/IMG_20210201_100037-2.jpg?v=1673090485 1134w\" sizes=\"auto, (max-width: 865px) 100vw, 865px\" \/><figcaption class=\"wp-element-caption\">viannie<\/figcaption><\/figure>\n<\/figure>\n<\/div>\n<\/div>\n\n\n\n<p>Ce projet est n\u00e9 de la n\u00e9cessit\u00e9 d\u2019exprimer ma cr\u00e9ativit\u00e9, (comme une envie de prouver \u00e0 moi-m\u00eame que j&rsquo;en \u00e9tais capable) de mes exp\u00e9riences personnelles, de mes nombreux voyages \u00e0 travers le globe, et le d\u00e9sir de cr\u00e9er quelque chose de mes mains.<\/p>\n\n\n\n<p>L&rsquo; id\u00e9e germe en moi depuis plusieurs ann\u00e9es, mais je n&rsquo;ai jamais eu ni le temps, ni m\u00eame le courage de passer \u00e0 l&rsquo;acte, par peur de ne pas pouvoir y arriver, du regard des autres, des moqueries, mais aussi, du fait de notre mode de vie, en effet, on d\u00e9m\u00e9nageait tous les 2 ans. En 14 ans mon conjoint et moi avons d\u00e9m\u00e9nag\u00e9 8 fois.<\/p>\n\n\n\n<p>Grande amoureuse inconditionnelle des boucles d&rsquo;oreilles, des pierres semi-pr\u00e9cieuses, des rosaires, de la nacre, et des pi\u00e8ces anciennes \u00ab\u00a0vintage\u00a0\u00bb, j&rsquo;ai toujours \u00e9t\u00e9 fascin\u00e9e par la combinaison de ces mat\u00e9riaux, du nouveau et de l&rsquo;ancien.<\/p>\n\n\n\n<p>Malheureusement faisant des allergies aux niveaux des lobes, je n&rsquo;ai jamais vraiment pris plaisir \u00e0 mettre n&rsquo;importe quelle boucle d&rsquo;oreille. J&rsquo;ai donc commenc\u00e9 \u00e0 chercher une solution pour permettre de rem\u00e9dier \u00e0 mon petit probl\u00e8me. En 2016, une de mes amies expatri\u00e9e am\u00e9ricaine m&rsquo;a parl\u00e9 d&rsquo;un m\u00e9tal qu&rsquo;une de ses amies utilisait pour la cr\u00e9ations des bijoux le gold-filled. C&rsquo;est ainsi que j&rsquo;ai d\u00e9couvert ce mat\u00e9riau. La connaissance de cette mati\u00e8re \u00e9tant tr\u00e8s limit\u00e9e dans ma r\u00e9gion, j&rsquo;ai donc fait quelques recherches et surtout comment m&rsquo;en procurer. C&rsquo;est finalement en Am\u00e9rique du nord que j&rsquo;ai trouv\u00e9 mon bonheur.<\/p>\n\n\n\n<p>En plus de ma passion pour les beaux bijoux et accessoires, je viens du secteur de la finance. Je suis aussi une \u00e9pouse et une m\u00e8re combl\u00e9e de deux enfants. <\/p>\n\n\n\n<p>Chez <strong>byViannie<\/strong>, j&rsquo;offre des pi\u00e8ces fantaisie, tendances \u00e0 des prix abordables, elles peuvent \u00eatre m\u00e9lang\u00e9es, superpos\u00e9es et assorties.<\/p>\n\n\n\n<p>Tous mes bijoux sont faits de mani\u00e8re artisanale par moi-m\u00eame avec majoritairement des mat\u00e9riaux nobles comme des perles en nacre v\u00e9ritable de grade AA ou+, des pierres semi-pr\u00e9cieuses, de la rosaire, etc. Le placage des pi\u00e8ces est en or (du 16k au 24k ,en gold fillled du 14K au 18K en vermeil), en argent ou en acier inoxydable (304 et 316L).<\/p>\n\n\n\n<p>Les mati\u00e8res premi\u00e8res proviennent essentiellement de petites entreprises \u00e0 travers l\u2019Europe et du sud de l\u2019Asie.<\/p>\n\n\n\n<p>Laissez-vous sublimer par une petite touche de folie, de magie, encore plus d\u2019aura, d\u2019allure, de distinction, de s\u00e9duction, de charme avec la pi\u00e8ce qui vous ressemblera et qui vous envoutera.<\/p>\n\n\n\n<p>Joliment votre.<\/p>\n\n\n\n<p>VAC<\/p>\n\n\n\n<p><\/p>\n\n\n\n<p>.<\/p>\n","protected":false},"excerpt":{"rendered":"<p>byViannie&nbsp;est une marque de bijoux fantaisie, boho, chic et tendance pour le quotidien. Autodidacte, passionn\u00e9e par le concept \u201cfais le toi-m\u00eame\u201d DIY , c\u2019est d\u2019abord pour moi-m\u00eame et notamment pour ma fille que je cr\u00e9e. Aux vues de nombreuses demandes des camarades de classe de ma fille, des parents d\u2019\u00e9l\u00e8ves et des connaissances proches, je &hellip; <\/p>\n","protected":false},"author":2,"featured_media":0,"parent":0,"menu_order":10,"comment_status":"closed","ping_status":"closed","template":"","meta":{"_monsterinsights_skip_tracking":false,"_monsterinsights_sitenote_active":false,"_monsterinsights_sitenote_note":"","_monsterinsights_sitenote_category":0,"footnotes":""},"class_list":["post-44","page","type-page","status-publish","hentry"],"aioseo_notices":[],"_links":{"self":[{"href":"https:\/\/byviannie.com\/index.php?rest_route=\/wp\/v2\/pages\/44","targetHints":{"allow":["GET"]}}],"collection":[{"href":"https:\/\/byviannie.com\/index.php?rest_route=\/wp\/v2\/pages"}],"about":[{"href":"https:\/\/byviannie.com\/index.php?rest_route=\/wp\/v2\/types\/page"}],"author":[{"embeddable":true,"href":"https:\/\/byviannie.com\/index.php?rest_route=\/wp\/v2\/users\/2"}],"replies":[{"embeddable":true,"href":"https:\/\/byviannie.com\/index.php?rest_route=%2Fwp%2Fv2%2Fcomments&post=44"}],"version-history":[{"count":6,"href":"https:\/\/byviannie.com\/index.php?rest_route=\/wp\/v2\/pages\/44\/revisions"}],"predecessor-version":[{"id":3052,"href":"https:\/\/byviannie.com\/index.php?rest_route=\/wp\/v2\/pages\/44\/revisions\/3052"}],"wp:attachment":[{"href":"https:\/\/byviannie.com\/index.php?rest_route=%2Fwp%2Fv2%2Fmedia&parent=44"}],"curies":[{"name":"wp","href":"https:\/\/api.w.org\/{rel}","templated":true}]}}