{"id":132,"date":"2021-02-06T09:58:42","date_gmt":"2021-02-06T08:58:42","guid":{"rendered":"https:\/\/preview.les-perles-de-viannie.com\/?page_id=132"},"modified":"2023-02-25T18:16:54","modified_gmt":"2023-02-25T17:16:54","slug":"132-2","status":"publish","type":"page","link":"https:\/\/byviannie.com\/?page_id=132","title":{"rendered":"Mentions L\u00e9gales"},"content":{"rendered":"\n<p><strong>G\u00e9n\u00e9ralit\u00e9s<\/strong><br>Les conditions g\u00e9n\u00e9rales de vente d\u00e9crites ci-dessous s\u2019appliquent sur l\u2019ensemble des produits et services vendus uniquement par le biais de ce site de vente en ligne. Elles d\u00e9finissent les droits et obligations des parties.<br>byViannie \u2013 Viannie Cissey s\u2019autorise le droit de modifier \u00e0 tout instant le contenu et la forme de ces conditions g\u00e9n\u00e9rales de vente.<\/p>\n\n\n\n<p><strong>Donn\u00e9es personnelles des clients et libert\u00e9s<\/strong><br>Conform\u00e9ment aux dispositions de la loi f\u00e9d\u00e9rale sur la protection des donn\u00e9es. (LPD) du 19 juin 1992, vous disposez d\u2019un droit d\u2019acc\u00e8s, de rectification et d\u2019opposition sur les donn\u00e9es nominatives vous concernant. Toutes les donn\u00e9es \u00e0 caract\u00e8re personnel seront consid\u00e9r\u00e9es comme confidentielles. Les informations n\u00e9cessaires \u00e0 la gestion de la commande ne sont utilis\u00e9es que dans le cadre de votre relation commerciale avec byViannie.<\/p>\n\n\n\n<p>Le client s\u2019engage \u00e0 fournir les informations personnelles n\u00e9cessaires \u00e0 la gestion de sa commande (livraison et facturation).<\/p>\n\n\n\n<p><strong>Responsabilit\u00e9<\/strong><br>Le vendeur, dans le processus de vente en ligne, n\u2019est tenu que par une obligation de moyens; sa responsabilit\u00e9 ne pourra \u00eatre engag\u00e9e pour un dommage r\u00e9sultant de l\u2019utilisation du r\u00e9seau Internet tel que perte de donn\u00e9es, intrusion, virus, rupture du service, ou autres probl\u00e8mes involontaires.<\/p>\n","protected":false},"excerpt":{"rendered":"<p>G\u00e9n\u00e9ralit\u00e9sLes conditions g\u00e9n\u00e9rales de vente d\u00e9crites ci-dessous s\u2019appliquent sur l\u2019ensemble des produits et services vendus uniquement par le biais de ce site de vente en ligne. Elles d\u00e9finissent les droits et obligations des parties.byViannie \u2013 Viannie Cissey s\u2019autorise le droit de modifier \u00e0 tout instant le contenu et la forme de ces conditions g\u00e9n\u00e9rales de &hellip; <\/p>\n","protected":false},"author":1,"featured_media":0,"parent":0,"menu_order":0,"comment_status":"closed","ping_status":"closed","template":"","meta":{"_monsterinsights_skip_tracking":false,"_monsterinsights_sitenote_active":false,"_monsterinsights_sitenote_note":"","_monsterinsights_sitenote_category":0,"footnotes":""},"class_list":["post-132","page","type-page","status-publish","hentry"],"aioseo_notices":[],"_links":{"self":[{"href":"https:\/\/byviannie.com\/index.php?rest_route=\/wp\/v2\/pages\/132","targetHints":{"allow":["GET"]}}],"collection":[{"href":"https:\/\/byviannie.com\/index.php?rest_route=\/wp\/v2\/pages"}],"about":[{"href":"https:\/\/byviannie.com\/index.php?rest_route=\/wp\/v2\/types\/page"}],"author":[{"embeddable":true,"href":"https:\/\/byviannie.com\/index.php?rest_route=\/wp\/v2\/users\/1"}],"replies":[{"embeddable":true,"href":"https:\/\/byviannie.com\/index.php?rest_route=%2Fwp%2Fv2%2Fcomments&post=132"}],"version-history":[{"count":1,"href":"https:\/\/byviannie.com\/index.php?rest_route=\/wp\/v2\/pages\/132\/revisions"}],"predecessor-version":[{"id":2855,"href":"https:\/\/byviannie.com\/index.php?rest_route=\/wp\/v2\/pages\/132\/revisions\/2855"}],"wp:attachment":[{"href":"https:\/\/byviannie.com\/index.php?rest_route=%2Fwp%2Fv2%2Fmedia&parent=132"}],"curies":[{"name":"wp","href":"https:\/\/api.w.org\/{rel}","templated":true}]}}